{"id":42,"date":"2023-11-09T19:51:35","date_gmt":"2023-11-09T19:51:35","guid":{"rendered":"https:\/\/yte24hdanang.com\/?post_type=product&#038;p=42"},"modified":"2023-11-12T14:14:54","modified_gmt":"2023-11-12T14:14:54","slug":"thue-may-hut-dom-tai-da-nang","status":"publish","type":"product","link":"https:\/\/yte24hdanang.com\/?product=thue-may-hut-dom-tai-da-nang","title":{"rendered":"Thu\u00ea M\u00e1y H\u00fat \u0110\u1eddm T\u1ea1i \u0110\u00e0 N\u1eb5ng"},"content":{"rendered":"","protected":false},"excerpt":{"rendered":"","protected":false},"featured_media":43,"template":"","meta":[],"product_cat":[19],"product_tag":[],"class_list":{"0":"post-42","1":"product","2":"type-product","3":"status-publish","4":"has-post-thumbnail","6":"product_cat-thue-may-hut-dom-tai-da-nang","8":"first","9":"instock","10":"shipping-taxable","11":"product-type-simple"},"_links":{"self":[{"href":"https:\/\/yte24hdanang.com\/index.php?rest_route=\/wp\/v2\/product\/42","targetHints":{"allow":["GET"]}}],"collection":[{"href":"https:\/\/yte24hdanang.com\/index.php?rest_route=\/wp\/v2\/product"}],"about":[{"href":"https:\/\/yte24hdanang.com\/index.php?rest_route=\/wp\/v2\/types\/product"}],"wp:featuredmedia":[{"embeddable":true,"href":"https:\/\/yte24hdanang.com\/index.php?rest_route=\/wp\/v2\/media\/43"}],"wp:attachment":[{"href":"https:\/\/yte24hdanang.com\/index.php?rest_route=%2Fwp%2Fv2%2Fmedia&parent=42"}],"wp:term":[{"taxonomy":"product_cat","embeddable":true,"href":"https:\/\/yte24hdanang.com\/index.php?rest_route=%2Fwp%2Fv2%2Fproduct_cat&post=42"},{"taxonomy":"product_tag","embeddable":true,"href":"https:\/\/yte24hdanang.com\/index.php?rest_route=%2Fwp%2Fv2%2Fproduct_tag&post=42"}],"curies":[{"name":"wp","href":"https:\/\/api.w.org\/{rel}","templated":true}]}}